{"id":54225,"date":"2021-09-06T16:25:45","date_gmt":"2021-09-06T14:25:45","guid":{"rendered":"https:\/\/www.fitadium.com\/conseils\/?page_id=54225"},"modified":"2025-12-16T12:20:08","modified_gmt":"2025-12-16T11:20:08","slug":"citrulline","status":"publish","type":"page","link":"https:\/\/www.fitadium.com\/conseils\/bruleur-graisse\/citrulline\/","title":{"rendered":"Les bienfaits de la Citrulline pour br\u00fbler les graisses abdominales"},"content":{"rendered":"\n<p>La <a href=\"https:\/\/www.fitadium.com\/762-citrulline\">Citrulline<\/a> est un acide amin\u00e9 non essentiel que le corps est capable de synth\u00e9tiser seul. Si elle est fr\u00e9quente dans les boosters pr\u00e9-workouts pour son r\u00f4le sur les <strong>capacit\u00e9s d&rsquo;endurance<\/strong>, la Citrulline a \u00e9galement des <strong>vertus minceur pour <\/strong><a href=\"\/conseils\/bruleur-graisse\/\"><strong>bruler les graisses<\/strong>.<\/a><\/p>\n\n\n\n<p>Pr\u00e9sente notamment dans la past\u00e8que, le <a href=\"https:\/\/www.fitadium.com\/conseils\/acides-amines\/citrulline\/\">malate de Citrulline<\/a> augmente la <strong>s\u00e9cr\u00e9tion d&rsquo;arginine<\/strong> dans le sang, favorisant un<strong> haut niveau d&rsquo;oxyde nitrique<\/strong>. Ce taux \u00e9lev\u00e9 d&rsquo;oxyde nitrique <strong>am\u00e9liore la circulation sanguine<\/strong> et les <strong>performances physiques<\/strong> lors d&rsquo;un entra\u00eenement. <\/p>\n\n\n\n<h2 class=\"wp-block-heading\" id=\"circulation\">La Citrulline am\u00e9liore la circulation sanguine<\/h2>\n\n\n\n<p>La Citrulline est un composant chimique dont le r\u00f4le est tr\u00e8s important car il <strong>r\u00e9gule la circulation sanguine<\/strong> \u00e0 travers le corps. La Citrulline augmente l&rsquo;activit\u00e9 de la graisse brune, ce qui, par ailleurs, accroit la d\u00e9pense calorique et <strong>favorise la combustion des graisses<\/strong>. <\/p>\n\n\n\n<p>Mais le plus \u00e9tonnant est que cet acide amin\u00e9 le fait sans passer par la <strong>stimulation du syst\u00e8me nerveux sympathique<\/strong>, ce qui \u00e9vite l\u2019emballement de la fr\u00e9quence cardiaque, la hausse de la pression art\u00e9rielle et des niveaux d&rsquo;anxi\u00e9t\u00e9.<\/p>\n\n\n\n<p>Ces bienfaits su <strong>l&rsquo;endurance et la performance physique<\/strong> explique la pr\u00e9sence de cet acide amin\u00e9 dans le nombreux preworkouts. <\/p>\n\n\n<div class=\"columns-push-product\">\n  <div class=\"columns-push-product__body\">\n    \n\n<p class=\"has-large-font-size\"><\/p>\n\n\n  <\/div>\n  <div class=\"columns-push-product__product\">\n    <div class=\"product\" GTM-data-id=\"1646\" GTM-data-nom=\"NO PUMP XTREME (420g)\">\n  <div class=\"product__img\" style=\"width: -webkit-fill-available;\">\n    <a href=\"https:\/\/www.fitadium.com\/1646-no-pump-xtreme-420g.html#\/925-gout-mojito\" class=\"product__image_lnk GTM_blog_product\" >\n      <img decoding=\"async\" src=\"https:\/\/www.fitadium.com\/32288-fit_540\/no-pump-xtreme-420g.jpg\" alt=\"\" class=\"product__image lazyload\">\n    <\/a>\n  <\/div>\n  <div class=\"product__body\">\n        <div class=\"product__brand\">Superset Nutrition<\/div>\n    <a class=\"product__name GTM_blog_product\" href=\"https:\/\/www.fitadium.com\/1646-no-pump-xtreme-420g.html#\/925-gout-mojito\" title=\"NO PUMP XTREME (420g)\">\n      NO PUMP XTREME (420g)\n    <\/a>\n          <span class=\"product__price\">29.9 \u20ac<\/span>\n      <span class=\"product__price_old\">39.9 \u20ac<\/span>\n            <div class=\"product__excerpt\">Propulse tes performances avec le NO PUMP XTREME (420GR) Ressens\u2026<\/div>\n            <div><a class=\"product__cta GTM_blog_product\" href=\"https:\/\/www.fitadium.com\/1646-no-pump-xtreme-420g.html#\/925-gout-mojito\" title=\"NO PUMP XTREME (420g)\">Voir le produit<\/a><\/div>\n  <\/div>\n<\/div>\n  <\/div>\n<\/div>\n\n\n\n<h2 class=\"wp-block-heading\" id=\"mobilisation\">La Citrulline favorise la mobilisation des mati\u00e8res grasses<\/h2>\n\n\n\n<p>Une \u00e9tude fran\u00e7aise men\u00e9e sur des rats adultes a montr\u00e9 que la suppl\u00e9mentation en Citrulline pouvait <strong><a href=\"\/56-bruleurs-de-graisse\">r\u00e9duire les niveaux de graisse abdominale<\/a><\/strong>. <\/p>\n\n\n\n<p>En effet, il a \u00e9t\u00e9 observ\u00e9 que la Citrulline faisait <strong>monter les niveaux de la lipase hormono-sensible de 150%<\/strong>. &nbsp;Cet enzyme du tissu adipeux hydrolyse les triglyc\u00e9rides de r\u00e9serve (lipolyse p\u00e9riph\u00e9rique), et lib\u00e8re dans le sang des acides gras libres qui \u00e0 leur&nbsp;tour, peuvent \u00eatre utilis\u00e9s par les cellules pour la lipolyse. <\/p>\n\n\n\n<p><strong>La Citrulline&nbsp;favorise donc la mobilisation et l&rsquo;utilisation de mati\u00e8res grasses dans la circulation sanguine<\/strong>. La Citrulline est un compl\u00e9ment bien souvent sous-estim\u00e9 \u00e0 tort, qui <strong>am\u00e9liore <\/strong>grandement \u00e0 la fois <strong>la combustion des graisses<\/strong> <strong>et le flux sanguin<\/strong> dans les muscles.<\/p>\n\n\n\n<p><\/p>\n\n\n\n<p><strong>Sources <\/strong>:Molecular Nutrition Food Research, 58: 1765-1775, 2014 Sch\u00e9ma http:\/\/www.chups.jussieu.fr\/<\/p>\n","protected":false},"excerpt":{"rendered":"<p>La Citrulline est un acide amin\u00e9 non essentiel que le corps est capable de synth\u00e9tiser seul. Si elle est fr\u00e9quente dans les boosters pr\u00e9-workouts pour son r\u00f4le sur les capacit\u00e9s d&rsquo;endurance, la Citrulline a \u00e9galement des vertus minceur pour bruler les graisses. Pr\u00e9sente notamment dans la past\u00e8que, le malate de Citrulline augmente la s\u00e9cr\u00e9tion d&rsquo;arginine [&hellip;]<\/p>\n","protected":false},"author":2,"featured_media":0,"parent":54163,"menu_order":0,"comment_status":"closed","ping_status":"closed","template":"template-cocon.php","meta":{"footnotes":""},"class_list":null,"yoast_head":"<!-- This site is optimized with the Yoast SEO plugin v17.1 - https:\/\/yoast.com\/wordpress\/plugins\/seo\/ -->\n<title>La citrulline pour bruler des graisse et mincir<\/title>\n<meta name=\"description\" content=\"D\u00e9couvrez les bienfais de la citrulline, un acide amin\u00e9 qui favorise les performances physiques mais a aussi des vertus minceur\" \/>\n<meta name=\"robots\" content=\"index, follow, max-snippet:-1, max-image-preview:large, max-video-preview:-1\" \/>\n<link rel=\"canonical\" href=\"https:\/\/www.fitadium.com\/conseils\/bruleur-graisse\/citrulline\/\" \/>\n<meta property=\"og:locale\" content=\"fr_FR\" \/>\n<meta property=\"og:type\" content=\"article\" \/>\n<meta property=\"og:title\" content=\"La citrulline pour bruler des graisse et mincir\" \/>\n<meta property=\"og:description\" content=\"D\u00e9couvrez les bienfais de la citrulline, un acide amin\u00e9 qui favorise les performances physiques mais a aussi des vertus minceur\" \/>\n<meta property=\"og:url\" content=\"https:\/\/www.fitadium.com\/conseils\/bruleur-graisse\/citrulline\/\" \/>\n<meta property=\"og:site_name\" content=\"Fitadium\" \/>\n<meta property=\"article:publisher\" content=\"https:\/\/www.facebook.com\/fitadium.musculation\" \/>\n<meta property=\"article:modified_time\" content=\"2025-12-16T11:20:08+00:00\" \/>\n<meta property=\"og:image\" content=\"https:\/\/www.fitadium.com\/conseils\/wp-content\/uploads\/2020\/05\/100949611_249536676267297_6848748714129861639_n.jpg\" \/>\n\t<meta property=\"og:image:width\" content=\"1080\" \/>\n\t<meta property=\"og:image:height\" content=\"1080\" \/>\n<script type=\"application\/ld+json\" class=\"yoast-schema-graph\">{\"@context\":\"https:\/\/schema.org\",\"@graph\":[{\"@type\":\"Organization\",\"@id\":\"https:\/\/www.fitadium.com\/conseils\/#organization\",\"name\":\"FITADIUM\",\"url\":\"https:\/\/www.fitadium.com\/conseils\/\",\"sameAs\":[\"https:\/\/www.facebook.com\/fitadium.musculation\"],\"logo\":{\"@type\":\"ImageObject\",\"@id\":\"https:\/\/www.fitadium.com\/conseils\/#logo\",\"inLanguage\":\"fr-FR\",\"url\":\"https:\/\/www.fitadium.com\/conseils\/wp-content\/uploads\/2013\/08\/mobypicture.jpg\",\"contentUrl\":\"https:\/\/www.fitadium.com\/conseils\/wp-content\/uploads\/2013\/08\/mobypicture.jpg\",\"width\":510,\"height\":600,\"caption\":\"FITADIUM\"},\"image\":{\"@id\":\"https:\/\/www.fitadium.com\/conseils\/#logo\"}},{\"@type\":\"WebSite\",\"@id\":\"https:\/\/www.fitadium.com\/conseils\/#website\",\"url\":\"https:\/\/www.fitadium.com\/conseils\/\",\"name\":\"Fitadium\",\"description\":\"Toute l&#039;actualit\\u00e9 de la musculation et du fitness\",\"publisher\":{\"@id\":\"https:\/\/www.fitadium.com\/conseils\/#organization\"},\"potentialAction\":[{\"@type\":\"SearchAction\",\"target\":{\"@type\":\"EntryPoint\",\"urlTemplate\":\"https:\/\/www.fitadium.com\/conseils\/?s={search_term_string}\"},\"query-input\":\"required name=search_term_string\"}],\"inLanguage\":\"fr-FR\"},{\"@type\":\"WebPage\",\"@id\":\"https:\/\/www.fitadium.com\/conseils\/bruleur-graisse\/citrulline\/#webpage\",\"url\":\"https:\/\/www.fitadium.com\/conseils\/bruleur-graisse\/citrulline\/\",\"name\":\"La citrulline pour bruler des graisse et mincir\",\"isPartOf\":{\"@id\":\"https:\/\/www.fitadium.com\/conseils\/#website\"},\"datePublished\":\"2021-09-06T14:25:45+00:00\",\"dateModified\":\"2025-12-16T11:20:08+00:00\",\"description\":\"D\\u00e9couvrez les bienfais de la citrulline, un acide amin\\u00e9 qui favorise les performances physiques mais a aussi des vertus minceur\",\"breadcrumb\":{\"@id\":\"https:\/\/www.fitadium.com\/conseils\/bruleur-graisse\/citrulline\/#breadcrumb\"},\"inLanguage\":\"fr-FR\",\"potentialAction\":[{\"@type\":\"ReadAction\",\"target\":[\"https:\/\/www.fitadium.com\/conseils\/bruleur-graisse\/citrulline\/\"]}]},{\"@type\":\"BreadcrumbList\",\"@id\":\"https:\/\/www.fitadium.com\/conseils\/bruleur-graisse\/citrulline\/#breadcrumb\",\"itemListElement\":[{\"@type\":\"ListItem\",\"position\":1,\"name\":\"Home\",\"item\":\"https:\/\/www.fitadium.com\/conseils\/\"},{\"@type\":\"ListItem\",\"position\":2,\"name\":\"Comment bien choisir un br\\u00fbleur de graisse ?\",\"item\":\"https:\/\/www.fitadium.com\/conseils\/bruleur-graisse\/\"},{\"@type\":\"ListItem\",\"position\":3,\"name\":\"Les bienfaits de la Citrulline pour br\\u00fbler les graisses abdominales\"}]}]}<\/script>\n<!-- \/ Yoast SEO plugin. -->","yoast_head_json":{"title":"La citrulline pour bruler des graisse et mincir","description":"D\u00e9couvrez les bienfais de la citrulline, un acide amin\u00e9 qui favorise les performances physiques mais a aussi des vertus minceur","robots":{"index":"index","follow":"follow","max-snippet":"max-snippet:-1","max-image-preview":"max-image-preview:large","max-video-preview":"max-video-preview:-1"},"canonical":"https:\/\/www.fitadium.com\/conseils\/bruleur-graisse\/citrulline\/","og_locale":"fr_FR","og_type":"article","og_title":"La citrulline pour bruler des graisse et mincir","og_description":"D\u00e9couvrez les bienfais de la citrulline, un acide amin\u00e9 qui favorise les performances physiques mais a aussi des vertus minceur","og_url":"https:\/\/www.fitadium.com\/conseils\/bruleur-graisse\/citrulline\/","og_site_name":"Fitadium","article_publisher":"https:\/\/www.facebook.com\/fitadium.musculation","article_modified_time":"2025-12-16T11:20:08+00:00","og_image":[{"width":1080,"height":1080,"url":"https:\/\/www.fitadium.com\/conseils\/wp-content\/uploads\/2020\/05\/100949611_249536676267297_6848748714129861639_n.jpg","path":"\/home\/www\/fitadium\/www\/conseils\/wp-content\/uploads\/2020\/05\/100949611_249536676267297_6848748714129861639_n.jpg","size":"full","id":47394,"alt":"","pixels":1166400,"type":"image\/jpeg"}],"schema":{"@context":"https:\/\/schema.org","@graph":[{"@type":"Organization","@id":"https:\/\/www.fitadium.com\/conseils\/#organization","name":"FITADIUM","url":"https:\/\/www.fitadium.com\/conseils\/","sameAs":["https:\/\/www.facebook.com\/fitadium.musculation"],"logo":{"@type":"ImageObject","@id":"https:\/\/www.fitadium.com\/conseils\/#logo","inLanguage":"fr-FR","url":"https:\/\/www.fitadium.com\/conseils\/wp-content\/uploads\/2013\/08\/mobypicture.jpg","contentUrl":"https:\/\/www.fitadium.com\/conseils\/wp-content\/uploads\/2013\/08\/mobypicture.jpg","width":510,"height":600,"caption":"FITADIUM"},"image":{"@id":"https:\/\/www.fitadium.com\/conseils\/#logo"}},{"@type":"WebSite","@id":"https:\/\/www.fitadium.com\/conseils\/#website","url":"https:\/\/www.fitadium.com\/conseils\/","name":"Fitadium","description":"Toute l&#039;actualit\u00e9 de la musculation et du fitness","publisher":{"@id":"https:\/\/www.fitadium.com\/conseils\/#organization"},"potentialAction":[{"@type":"SearchAction","target":{"@type":"EntryPoint","urlTemplate":"https:\/\/www.fitadium.com\/conseils\/?s={search_term_string}"},"query-input":"required name=search_term_string"}],"inLanguage":"fr-FR"},{"@type":"WebPage","@id":"https:\/\/www.fitadium.com\/conseils\/bruleur-graisse\/citrulline\/#webpage","url":"https:\/\/www.fitadium.com\/conseils\/bruleur-graisse\/citrulline\/","name":"La citrulline pour bruler des graisse et mincir","isPartOf":{"@id":"https:\/\/www.fitadium.com\/conseils\/#website"},"datePublished":"2021-09-06T14:25:45+00:00","dateModified":"2025-12-16T11:20:08+00:00","description":"D\u00e9couvrez les bienfais de la citrulline, un acide amin\u00e9 qui favorise les performances physiques mais a aussi des vertus minceur","breadcrumb":{"@id":"https:\/\/www.fitadium.com\/conseils\/bruleur-graisse\/citrulline\/#breadcrumb"},"inLanguage":"fr-FR","potentialAction":[{"@type":"ReadAction","target":["https:\/\/www.fitadium.com\/conseils\/bruleur-graisse\/citrulline\/"]}]},{"@type":"BreadcrumbList","@id":"https:\/\/www.fitadium.com\/conseils\/bruleur-graisse\/citrulline\/#breadcrumb","itemListElement":[{"@type":"ListItem","position":1,"name":"Home","item":"https:\/\/www.fitadium.com\/conseils\/"},{"@type":"ListItem","position":2,"name":"Comment bien choisir un br\u00fbleur de graisse ?","item":"https:\/\/www.fitadium.com\/conseils\/bruleur-graisse\/"},{"@type":"ListItem","position":3,"name":"Les bienfaits de la Citrulline pour br\u00fbler les graisses abdominales"}]}]}},"featured_image_src":null,"featured_image_src_square":null,"_links":{"self":[{"href":"https:\/\/www.fitadium.com\/conseils\/wp-json\/wp\/v2\/pages\/54225","targetHints":{"allow":["GET"]}}],"collection":[{"href":"https:\/\/www.fitadium.com\/conseils\/wp-json\/wp\/v2\/pages"}],"about":[{"href":"https:\/\/www.fitadium.com\/conseils\/wp-json\/wp\/v2\/types\/page"}],"author":[{"embeddable":true,"href":"https:\/\/www.fitadium.com\/conseils\/wp-json\/wp\/v2\/users\/2"}],"replies":[{"embeddable":true,"href":"https:\/\/www.fitadium.com\/conseils\/wp-json\/wp\/v2\/comments?post=54225"}],"version-history":[{"count":17,"href":"https:\/\/www.fitadium.com\/conseils\/wp-json\/wp\/v2\/pages\/54225\/revisions"}],"predecessor-version":[{"id":61255,"href":"https:\/\/www.fitadium.com\/conseils\/wp-json\/wp\/v2\/pages\/54225\/revisions\/61255"}],"up":[{"embeddable":true,"href":"https:\/\/www.fitadium.com\/conseils\/wp-json\/wp\/v2\/pages\/54163"}],"wp:attachment":[{"href":"https:\/\/www.fitadium.com\/conseils\/wp-json\/wp\/v2\/media?parent=54225"}],"curies":[{"name":"wp","href":"https:\/\/api.w.org\/{rel}","templated":true}]}}