{"id":58731,"date":"2024-02-02T08:11:49","date_gmt":"2024-02-02T07:11:49","guid":{"rendered":"https:\/\/www.fitadium.com\/conseils\/?page_id=58731"},"modified":"2024-06-11T16:12:19","modified_gmt":"2024-06-11T14:12:19","slug":"histidine","status":"publish","type":"page","link":"https:\/\/www.fitadium.com\/conseils\/acides-amines\/histidine\/","title":{"rendered":"L&rsquo;acide amin\u00e9 histidine : bienfaits et utilit\u00e9"},"content":{"rendered":"\n<p><a href=\"https:\/\/www.fitadium.com\/3-bcaa-acides-amines-essentiels\">Acide amin\u00e9<\/a> entrant dans la <strong>synth\u00e8se de nos prot\u00e9ines cellulaires et organiques<\/strong>, l&rsquo;histidine a \u00e9t\u00e9 isol\u00e9e pour la premi\u00e8re fois \u00e0 la fin du 19\u00e8me si\u00e8cle par des scientifiques allemands.<\/p>\n\n\n\n<p>Elle intervient sur l&rsquo;<strong>assimilation des prot\u00e9ines<\/strong>, la synth\u00e8se des <strong>globules rouges<\/strong>, la<strong> protection nerveuse<\/strong> (gaines de my\u00e9line), <strong>la sexualit\u00e9<\/strong> et <strong>l&rsquo;audition<\/strong>, entre autres fonctions&#8230; (1) On fait le point sur le r\u00f4le de cet acide amin\u00e9 dans l&rsquo;organisme et sa pr\u00e9sence dans les compl\u00e9ments alimentaires.<br><\/p>\n\n\n\n<h2 class=\"wp-block-heading\" id=\"def\">Qu&rsquo;est-ce que l&rsquo;acide amin\u00e9 histidine ? D\u00e9finition<\/h2>\n\n\n\n<p>L&rsquo;histidine est consid\u00e9r\u00e9e comme un <a href=\"https:\/\/www.fitadium.com\/conseils\/acides-amines\/essentiels\/\"><strong>acide amin\u00e9 essentiel<\/strong><\/a>, n\u00e9cessitant un apport nutritionnel par l&rsquo;alimentation quotidienne.<\/p>\n\n\n\n<p>Cependant, l&rsquo;histidine n&rsquo;est vraiment essentielle que chez<strong> les enfants de moins de 10 ans<\/strong>, les adultes pouvant en synth\u00e9tiser une partie. La pr\u00e9sence de cet acide amin\u00e9 dans l&rsquo;alimentation restera toutefois n\u00e9cessaire \u00e0 l&rsquo;\u00e2ge adulte, <strong>la production d&rsquo;histidine par le corps humain n&rsquo;\u00e9tant pas suffisante<\/strong>.&nbsp;<\/p>\n\n\n\n<p>Ce n&rsquo;est qu&rsquo;en <strong>1987 que l&rsquo;histidine sera consid\u00e9r\u00e9e comme essentielle<\/strong>, selon les publications de Laidlaw (2). D\u00e8s lors, neuf acides amin\u00e9s sont consid\u00e9r\u00e9s comme essentiels, contre huit auparavant.<\/p>\n\n\n\n<p>En outre, elle peut \u00eatre suppl\u00e9ment\u00e9e<strong> chez les femmes pendant la grossesse<\/strong>, selon les conseils d&rsquo;un professionnel de sant\u00e9, car sa pr\u00e9sence pourrait \u00eatre insuffisante.&nbsp;<br><\/p>\n\n\n\n<h3 class=\"wp-block-heading\">Quel est le r\u00f4le de l&rsquo;histidine ?<\/h3>\n\n\n\n<h4 class=\"wp-block-heading\">Histidine, h\u00e9moglobine et histamine&#8230;<\/h4>\n\n\n\n<p>L&rsquo;histidine joue plusieurs r\u00f4les importants sur le m\u00e9tabolisme \u00e9nerg\u00e9tique, notamment sur la <strong>synth\u00e8se de l&rsquo;h\u00e9moglobine <\/strong>qui permet le transport de l&rsquo;oxyg\u00e8ne dans l&rsquo;organisme.<\/p>\n\n\n\n<p>En outre, des enzymes peuvent convertir l&rsquo;histidine en glutamate qui servira ensuite de <strong>substrat \u00e9nerg\u00e9tique<\/strong>.<\/p>\n\n\n\n<p>L&rsquo;histidine est \u00e9galement un<strong> pr\u00e9curseur de l&rsquo;histamine<\/strong>, une mol\u00e9cule signal jouant un r\u00f4le de neurom\u00e9diateur impliqu\u00e9 dans diff\u00e9rents <strong>m\u00e9canismes inflammatoires et allergiques<\/strong>. L&rsquo;histamine est \u00e0 son tour impliqu\u00e9e dans le maintien des<strong> fonctions sexuelles<\/strong> et de la libido f\u00e9minine.<\/p>\n\n\n\n<p>En tant que telle, l&rsquo;histidine participe \u00e0 <strong>l&rsquo;\u00e9quilibre du syst\u00e8me immunitaire<\/strong> sur le plan de la signalisation cellulaire et organique.&nbsp; &nbsp;<br><\/p>\n\n\n\n<h3 class=\"wp-block-heading\">Des risques de carence ?<\/h3>\n\n\n\n<p>Les risques de carences sont rares dans la population g\u00e9n\u00e9rale pour cet acide amin\u00e9 mais elle reste possible.<\/p>\n\n\n\n<p>Une alimentation prot\u00e9in\u00e9e, \u00e9quilibr\u00e9e et vari\u00e9e apporterait entre <strong>1500 \u00e0 4000 mg d&rsquo;histidine<\/strong> par jour, permettant de couvrir les apports journaliers. Les athl\u00e8tes pratiquant un sport \u00e0 haute intensit\u00e9, ainsi que les femmes enceintes, devraient b\u00e9n\u00e9ficier d&rsquo;un apport alimentaire plus \u00e9lev\u00e9, situ\u00e9 dans la fourchette haute de cette estimation.<\/p>\n\n\n\n<p>En cas de carences, le <strong>risque d&rsquo;an\u00e9mie <\/strong>(fixation du fer), de <strong>polyarthrite rhumato\u00efde<\/strong> ou de <strong>surdit\u00e9<\/strong> sont possible chez l&rsquo;homme. La perte de l&rsquo;audition serait alors caus\u00e9e par la d\u00e9gradation des gaines de my\u00e9lines entourant les nerfs auditifs.<br><\/p>\n\n\n\n<h3 class=\"wp-block-heading\">O\u00f9 trouver de l&rsquo;histidine : quel aliment en contient le plus ?<\/h3>\n\n\n\n<p>Les <strong>aliments riches en prot\u00e9ines animales ou v\u00e9g\u00e9tales <\/strong>apportent de l&rsquo;histidine :<\/p>\n\n\n\n<ul class=\"wp-block-list\"><li>C&rsquo;est par exemple le cas pour certains fromages comme le parmesan, l&#8217;emmental, le roquefort ou le gruy\u00e8re.<\/li><li>La viande de boeuf, la dinde, le poulet, le veau et le gibier apportent \u00e9galement de l&rsquo;histidine.<\/li><li>&nbsp;Le thon, le saumon, les graines et les d\u00e9riv\u00e9s du soja comme le tofu, le riz, le germe de bl\u00e9, l&rsquo;avoine et la spiruline fournissent aussi une quantit\u00e9 significative d&rsquo;histidine.<\/li><li>Curieusement, le lait et les oeufs en apportent relativement peu.<br><\/li><\/ul>\n\n\n\n<h2 class=\"wp-block-heading\" id=\"bienfaits\">Quels sont les bienfaits de l&rsquo;histidine pour l&rsquo;organisme ?<\/h2>\n\n\n\n<p>L&rsquo;histidine est un acide amin\u00e9 assumant plusieurs r\u00f4les dans l&rsquo;organisme, hormis le fait qu&rsquo;elle participe \u00e0<strong> la lib\u00e9ration d&rsquo;\u00e9nergie <\/strong>et \u00e0 <strong>la synth\u00e8se des prot\u00e9ines<\/strong> de nos cellules.<br><\/p>\n\n\n\n<h3 class=\"wp-block-heading\">R\u00f4le dans les processus de digestion<\/h3>\n\n\n\n<p>Diff\u00e9remment de <a href=\"https:\/\/www.fitadium.com\/conseils\/acides-amines\/taurine\/\">la taurine <\/a>qui agit sur la bile, l&rsquo;histidine <strong>stimule la lib\u00e9ration des sucs gastriques<\/strong> n\u00e9cessaires \u00e0 la digestion des aliments.<\/p>\n\n\n\n<p>Elle fait aussi partie de <strong>la trypsine<\/strong>, une enzyme polypeptidique de la famille des prot\u00e9ases pr\u00e9sente dans le suc pancr\u00e9atique qui permet de dig\u00e9rer et de fragmenter les prot\u00e9ines en peptides.<\/p>\n\n\n\n<p>La <strong>gastrine<\/strong>, une enzyme digestive participant \u00e0 la digestion des aliments, d\u00e9pend elle aussi de la pr\u00e9sence d&rsquo;histidine pour \u00eatre form\u00e9e.&nbsp;<br><\/p>\n\n\n\n<h3 class=\"wp-block-heading\">D\u00e9toxification des m\u00e9taux lourds et \u00e9quilibre des micronutriments m\u00e9talliques<\/h3>\n\n\n\n<p>L&rsquo;histidine participe aussi \u00e0 la<strong> d\u00e9toxification des m\u00e9taux lourds<\/strong> comme l&rsquo;\u00e9tain, le nickel et l&rsquo;aluminium.<\/p>\n\n\n\n<p>A ce sujet, elle \u00e9quilibre <strong>les apports essentiels en oligo\u00e9l\u00e9ments comme le cuivre et le fer<\/strong> par le biais des m\u00e9talloprot\u00e9ines. Ce sont des prot\u00e9ines jouant un r\u00f4le de filtre pour les micronutriments de type m\u00e9tallique.&nbsp;<br><\/p>\n\n\n\n<h3 class=\"wp-block-heading\">Une aide au syst\u00e8me immunitaire associ\u00e9e au zinc<\/h3>\n\n\n\n<p>Sur le plan immunitaire, elle peut \u00eatre associ\u00e9e au zinc. A cette fin, elle pr\u00e9sentera une certaine efficacit\u00e9 contre les infections virales ou bact\u00e9riennes. En effet, elle stimule la production des phagocytes, <strong>globules blancs du syst\u00e8me immunitaire<\/strong>.<br><\/p>\n\n\n\n<h3 class=\"wp-block-heading\">Effets anti-anxiolytique, antioxydants et conduction des flux nerveux<\/h3>\n\n\n\n<p>De m\u00eame, l&rsquo;histidine pr\u00e9sente un<strong> effet anti-anxiolytique<\/strong> relatif, tout comme le font la glycine et le tryptophane, acide amin\u00e9 pr\u00e9curseur de la s\u00e9rotonine.<\/p>\n\n\n\n<p>Pr\u00e9sentant \u00e9galement un effet protecteur de l&rsquo;organisme \u00e0 plusieurs niveaux, l&rsquo;histidine participe \u00e0 la synth\u00e8se d&rsquo;un&nbsp;<strong>antioxydant<\/strong> sous la forme d&rsquo;une mol\u00e9cule d\u00e9riv\u00e9e de cet acide amin\u00e9, l&rsquo;ergothion\u00e9ine.<\/p>\n\n\n\n<p>Elle jouera aussi un r\u00f4le de <strong>protection des nerfs <\/strong>et sur la conduction des flux nerveux en agissant sur l&rsquo;entretien de la my\u00e9line. Elle est alors consid\u00e9r\u00e9e comme un <strong>correcteur de la surdit\u00e9<\/strong> (3).<br><\/p>\n\n\n\n<h2 class=\"wp-block-heading\" id=\"supplements\">Les suppl\u00e9ments contenant de l&rsquo;histidine<\/h2>\n\n\n\n<h3 class=\"wp-block-heading\">Histidine et b\u00eata-alanine forment la carnosine&#8230;<\/h3>\n\n\n\n<p>L&rsquo;histidine est un acide amin\u00e9 tr\u00e8s int\u00e9ressant pour les sportifs puisqu&rsquo;elle sera associ\u00e9e au <a href=\"https:\/\/www.fitadium.com\/614-beta-alanine\">b\u00eata-alanine<\/a> pour former <strong>la carnosine<\/strong>. Il s&rsquo;agit d&rsquo;un antioxydant important pour l&rsquo;organisme.<\/p>\n\n\n\n<p>Il agit sur le maintien de<strong> l&rsquo;int\u00e9grit\u00e9 cellulaire<\/strong> et<strong> l&rsquo;\u00e9quilibre du pH musculaire<\/strong> par l&rsquo;effet tampon qu&rsquo;il g\u00e9n\u00e8re. En effet, la carnosine s&rsquo;oppose \u00e0 la lib\u00e9ration des ions H+ g\u00e9n\u00e9r\u00e9s par la formation de l&rsquo;\u00e9nergie au niveau des mitochondries. \u00c0 cette fin, elle r\u00e9duit<strong> l&rsquo;effet de br\u00fblure musculaire<\/strong> cr\u00e9\u00e9e par les lactates issus de la d\u00e9gradation des mol\u00e9cules lib\u00e9rant de l&rsquo;\u00e9nergie.<\/p>\n\n\n\n<p>Ainsi, la carnosine vous permet de<strong> gagner quelques r\u00e9p\u00e9titions sur chaque s\u00e9rie d&rsquo;exercices<\/strong> en retardant l&rsquo;\u00e9puisement musculaire et la baisse des performances physiques durant l&rsquo;exercice.<\/p>\n\n\n\n<p>&nbsp;La carnosine (b\u00eata-alanine + histidine) agira positivement sur le gain en endurance des sports de force et de musculation.&nbsp;<\/p>\n\n\n<div class=\"columns-push-product\">\n  <div class=\"columns-push-product__body\">\n    \n\n<p class=\"has-large-font-size\"><\/p>\n\n\n  <\/div>\n  <div class=\"columns-push-product__product\">\n    <div class=\"product\" GTM-data-id=\"3131\" GTM-data-nom=\"Beta-Alanine Carno Rush Mega Tabs (80 Tabs)\">\n  <div class=\"product__img\" style=\"width: -webkit-fill-available;\">\n    <a href=\"https:\/\/www.fitadium.com\/3131-beta-alanine-carno-rush-mega-tabs-80-tabs.html\" class=\"product__image_lnk GTM_blog_product\" >\n      <img decoding=\"async\" src=\"https:\/\/www.fitadium.com\/9010-fit_540\/beta-alanine-carno-rush-mega-tabs-80-tabs.jpg\" alt=\"\" class=\"product__image lazyload\">\n    <\/a>\n  <\/div>\n  <div class=\"product__body\">\n        <div class=\"product__brand\">Olimp Sport Nutrition<\/div>\n    <a class=\"product__name GTM_blog_product\" href=\"https:\/\/www.fitadium.com\/3131-beta-alanine-carno-rush-mega-tabs-80-tabs.html\" title=\"Beta-Alanine Carno Rush Mega Tabs (80 Tabs)\">\n      Beta-Alanine Carno Rush Mega Tabs (80 Tabs)\n    <\/a>\n          <span class=\"product__price\">10.99 \u20ac<\/span>\n            <div class=\"product__excerpt\">Beta-Alanine Carno Rush Mega Tabs (80 Tabs) est ultra efficace\u2026<\/div>\n            <div><a class=\"product__cta GTM_blog_product\" href=\"https:\/\/www.fitadium.com\/3131-beta-alanine-carno-rush-mega-tabs-80-tabs.html\" title=\"Beta-Alanine Carno Rush Mega Tabs (80 Tabs)\">Voir le produit<\/a><\/div>\n  <\/div>\n<\/div>\n  <\/div>\n<\/div>\n\n\n\n<p>Les compl\u00e9ments alimentaires tels que les&nbsp;<a href=\"https:\/\/www.fitadium.com\/613-eaa\">complexes d&rsquo;acides amin\u00e9s essentiels (EAA)<\/a> int\u00e8grent l&rsquo;histidine. C&rsquo;est notamment le cas pour Amino EAA Xplode Powder d&rsquo;Olimp Sport Nutrition. &nbsp;<\/p>\n\n\n<div class=\"columns-push-product\">\n  <div class=\"columns-push-product__body\">\n    \n\n<p class=\"has-large-font-size\"><\/p>\n\n\n  <\/div>\n  <div class=\"columns-push-product__product\">\n    <div class=\"product\" GTM-data-id=\"2759\" GTM-data-nom=\"AMINO EAA XPLODE POWDER (520g)\">\n  <div class=\"product__img\" style=\"width: -webkit-fill-available;\">\n    <a href=\"https:\/\/www.fitadium.com\/2759-amino-eaa-xplode-powder-520g.html#\/725-gout-fruit_punch\" class=\"product__image_lnk GTM_blog_product\" >\n      <img decoding=\"async\" src=\"https:\/\/www.fitadium.com\/9201-fit_540\/amino-eaa-xplode-powder-520g.jpg\" alt=\"\" class=\"product__image lazyload\">\n    <\/a>\n  <\/div>\n  <div class=\"product__body\">\n        <div class=\"product__brand\">Olimp Sport Nutrition<\/div>\n    <a class=\"product__name GTM_blog_product\" href=\"https:\/\/www.fitadium.com\/2759-amino-eaa-xplode-powder-520g.html#\/725-gout-fruit_punch\" title=\"AMINO EAA XPLODE POWDER (520g)\">\n      AMINO EAA XPLODE POWDER (520g)\n    <\/a>\n          <span class=\"product__price\">32.5 \u20ac<\/span>\n            <div class=\"product__excerpt\">Tu connais tous les BCAA, mais qu&#039;en est-il des EAA\u2026<\/div>\n            <div><a class=\"product__cta GTM_blog_product\" href=\"https:\/\/www.fitadium.com\/2759-amino-eaa-xplode-powder-520g.html#\/725-gout-fruit_punch\" title=\"AMINO EAA XPLODE POWDER (520g)\">Voir le produit<\/a><\/div>\n  <\/div>\n<\/div>\n  <\/div>\n<\/div>\n\n\n\n<p><strong>R\u00e9f\u00e9rences bibliographiques<\/strong> :<\/p>\n\n\n\n<p>1 &#8211; J. Moro et al., <em>Histidine: A Systematic Review on Metabolism and Physiological Effects in Human and Different Animal Species,&nbsp;<\/em>Nutrients. 2020 May 14;12(5):1414.<\/p>\n\n\n\n<p>2 &#8211; S. A. Laidlaw, J. D. Kopple, <em>Newer concepts of the indispensable amino acids,&nbsp;<\/em>Am J Clin Nutr., 1987 Oct;46(4):593-605.<\/p>\n\n\n\n<p>3 &#8211; Harvey FC, Valdivia AO, Hayter C, Bhattacharya SK.&nbsp;<em>Isobaric Incorporation of C13-Histidine for the Assessment of Remyelination,&nbsp;<\/em>Methods Mol Biol. 2023;2571:169-175.<\/p>\n","protected":false},"excerpt":{"rendered":"<p>Acide amin\u00e9 entrant dans la synth\u00e8se de nos prot\u00e9ines cellulaires et organiques, l&rsquo;histidine a \u00e9t\u00e9 isol\u00e9e pour la premi\u00e8re fois \u00e0 la fin du 19\u00e8me si\u00e8cle par des scientifiques allemands. Elle intervient sur l&rsquo;assimilation des prot\u00e9ines, la synth\u00e8se des globules rouges, la protection nerveuse (gaines de my\u00e9line), la sexualit\u00e9 et l&rsquo;audition, entre autres fonctions&#8230; (1) [&hellip;]<\/p>\n","protected":false},"author":23,"featured_media":58732,"parent":58455,"menu_order":0,"comment_status":"closed","ping_status":"closed","template":"template-cocon.php","meta":{"footnotes":""},"class_list":null,"yoast_head":"<!-- This site is optimized with the Yoast SEO plugin v17.1 - https:\/\/yoast.com\/wordpress\/plugins\/seo\/ -->\n<title>L&#039;acide amin\u00e9 histidine : bienfaits, danger, utilit\u00e9<\/title>\n<meta name=\"description\" content=\"Qu&#039;est-ce que l&#039;acide amin\u00e9 histidine ? \u2605Quels sont les bienfaits de l&#039;histidine pour l&#039;organisme ? \u2605Les suppl\u00e9ments contenant de l&#039;histidine\" \/>\n<meta name=\"robots\" content=\"index, follow, max-snippet:-1, max-image-preview:large, max-video-preview:-1\" \/>\n<link rel=\"canonical\" href=\"https:\/\/www.fitadium.com\/conseils\/acides-amines\/histidine\/\" \/>\n<meta property=\"og:locale\" content=\"fr_FR\" \/>\n<meta property=\"og:type\" content=\"article\" \/>\n<meta property=\"og:title\" content=\"L&#039;acide amin\u00e9 histidine : bienfaits, danger, utilit\u00e9\" \/>\n<meta property=\"og:description\" content=\"Qu&#039;est-ce que l&#039;acide amin\u00e9 histidine ? \u2605Quels sont les bienfaits de l&#039;histidine pour l&#039;organisme ? \u2605Les suppl\u00e9ments contenant de l&#039;histidine\" \/>\n<meta property=\"og:url\" content=\"https:\/\/www.fitadium.com\/conseils\/acides-amines\/histidine\/\" \/>\n<meta property=\"og:site_name\" content=\"Fitadium\" \/>\n<meta property=\"article:publisher\" content=\"https:\/\/www.facebook.com\/fitadium.musculation\" \/>\n<meta property=\"article:modified_time\" content=\"2024-06-11T14:12:19+00:00\" \/>\n<meta property=\"og:image\" content=\"https:\/\/www.fitadium.com\/conseils\/wp-content\/uploads\/2024\/02\/acide-amine-12.jpg\" \/>\n\t<meta property=\"og:image:width\" content=\"1600\" \/>\n\t<meta property=\"og:image:height\" content=\"900\" \/>\n<script type=\"application\/ld+json\" class=\"yoast-schema-graph\">{\"@context\":\"https:\/\/schema.org\",\"@graph\":[{\"@type\":\"Organization\",\"@id\":\"https:\/\/www.fitadium.com\/conseils\/#organization\",\"name\":\"FITADIUM\",\"url\":\"https:\/\/www.fitadium.com\/conseils\/\",\"sameAs\":[\"https:\/\/www.facebook.com\/fitadium.musculation\"],\"logo\":{\"@type\":\"ImageObject\",\"@id\":\"https:\/\/www.fitadium.com\/conseils\/#logo\",\"inLanguage\":\"fr-FR\",\"url\":\"https:\/\/www.fitadium.com\/conseils\/wp-content\/uploads\/2013\/08\/mobypicture.jpg\",\"contentUrl\":\"https:\/\/www.fitadium.com\/conseils\/wp-content\/uploads\/2013\/08\/mobypicture.jpg\",\"width\":510,\"height\":600,\"caption\":\"FITADIUM\"},\"image\":{\"@id\":\"https:\/\/www.fitadium.com\/conseils\/#logo\"}},{\"@type\":\"WebSite\",\"@id\":\"https:\/\/www.fitadium.com\/conseils\/#website\",\"url\":\"https:\/\/www.fitadium.com\/conseils\/\",\"name\":\"Fitadium\",\"description\":\"Toute l&#039;actualit\\u00e9 de la musculation et du fitness\",\"publisher\":{\"@id\":\"https:\/\/www.fitadium.com\/conseils\/#organization\"},\"potentialAction\":[{\"@type\":\"SearchAction\",\"target\":{\"@type\":\"EntryPoint\",\"urlTemplate\":\"https:\/\/www.fitadium.com\/conseils\/?s={search_term_string}\"},\"query-input\":\"required name=search_term_string\"}],\"inLanguage\":\"fr-FR\"},{\"@type\":\"ImageObject\",\"@id\":\"https:\/\/www.fitadium.com\/conseils\/acides-amines\/histidine\/#primaryimage\",\"inLanguage\":\"fr-FR\",\"url\":\"https:\/\/www.fitadium.com\/conseils\/wp-content\/uploads\/2024\/02\/acide-amine-12.jpg\",\"contentUrl\":\"https:\/\/www.fitadium.com\/conseils\/wp-content\/uploads\/2024\/02\/acide-amine-12.jpg\",\"width\":1600,\"height\":900,\"caption\":\"acide amin\\u00e9 histidine\"},{\"@type\":\"WebPage\",\"@id\":\"https:\/\/www.fitadium.com\/conseils\/acides-amines\/histidine\/#webpage\",\"url\":\"https:\/\/www.fitadium.com\/conseils\/acides-amines\/histidine\/\",\"name\":\"L'acide amin\\u00e9 histidine : bienfaits, danger, utilit\\u00e9\",\"isPartOf\":{\"@id\":\"https:\/\/www.fitadium.com\/conseils\/#website\"},\"primaryImageOfPage\":{\"@id\":\"https:\/\/www.fitadium.com\/conseils\/acides-amines\/histidine\/#primaryimage\"},\"datePublished\":\"2024-02-02T07:11:49+00:00\",\"dateModified\":\"2024-06-11T14:12:19+00:00\",\"description\":\"Qu'est-ce que l'acide amin\\u00e9 histidine ? \\u2605Quels sont les bienfaits de l'histidine pour l'organisme ? \\u2605Les suppl\\u00e9ments contenant de l'histidine\",\"breadcrumb\":{\"@id\":\"https:\/\/www.fitadium.com\/conseils\/acides-amines\/histidine\/#breadcrumb\"},\"inLanguage\":\"fr-FR\",\"potentialAction\":[{\"@type\":\"ReadAction\",\"target\":[\"https:\/\/www.fitadium.com\/conseils\/acides-amines\/histidine\/\"]}]},{\"@type\":\"BreadcrumbList\",\"@id\":\"https:\/\/www.fitadium.com\/conseils\/acides-amines\/histidine\/#breadcrumb\",\"itemListElement\":[{\"@type\":\"ListItem\",\"position\":1,\"name\":\"Home\",\"item\":\"https:\/\/www.fitadium.com\/conseils\/\"},{\"@type\":\"ListItem\",\"position\":2,\"name\":\"Les acides amin\\u00e9s en musculation\",\"item\":\"https:\/\/www.fitadium.com\/conseils\/acides-amines\/\"},{\"@type\":\"ListItem\",\"position\":3,\"name\":\"L&rsquo;acide amin\\u00e9 histidine : bienfaits et utilit\\u00e9\"}]}]}<\/script>\n<!-- \/ Yoast SEO plugin. -->","yoast_head_json":{"title":"L'acide amin\u00e9 histidine : bienfaits, danger, utilit\u00e9","description":"Qu'est-ce que l'acide amin\u00e9 histidine ? \u2605Quels sont les bienfaits de l'histidine pour l'organisme ? \u2605Les suppl\u00e9ments contenant de l'histidine","robots":{"index":"index","follow":"follow","max-snippet":"max-snippet:-1","max-image-preview":"max-image-preview:large","max-video-preview":"max-video-preview:-1"},"canonical":"https:\/\/www.fitadium.com\/conseils\/acides-amines\/histidine\/","og_locale":"fr_FR","og_type":"article","og_title":"L'acide amin\u00e9 histidine : bienfaits, danger, utilit\u00e9","og_description":"Qu'est-ce que l'acide amin\u00e9 histidine ? \u2605Quels sont les bienfaits de l'histidine pour l'organisme ? \u2605Les suppl\u00e9ments contenant de l'histidine","og_url":"https:\/\/www.fitadium.com\/conseils\/acides-amines\/histidine\/","og_site_name":"Fitadium","article_publisher":"https:\/\/www.facebook.com\/fitadium.musculation","article_modified_time":"2024-06-11T14:12:19+00:00","og_image":[{"width":1600,"height":900,"url":"https:\/\/www.fitadium.com\/conseils\/wp-content\/uploads\/2024\/02\/acide-amine-12.jpg","path":"\/home\/www\/fitadium\/www\/conseils\/wp-content\/uploads\/2024\/02\/acide-amine-12.jpg","size":"full","id":58732,"alt":"acide amin\u00e9 histidine","pixels":1440000,"type":"image\/jpeg"}],"schema":{"@context":"https:\/\/schema.org","@graph":[{"@type":"Organization","@id":"https:\/\/www.fitadium.com\/conseils\/#organization","name":"FITADIUM","url":"https:\/\/www.fitadium.com\/conseils\/","sameAs":["https:\/\/www.facebook.com\/fitadium.musculation"],"logo":{"@type":"ImageObject","@id":"https:\/\/www.fitadium.com\/conseils\/#logo","inLanguage":"fr-FR","url":"https:\/\/www.fitadium.com\/conseils\/wp-content\/uploads\/2013\/08\/mobypicture.jpg","contentUrl":"https:\/\/www.fitadium.com\/conseils\/wp-content\/uploads\/2013\/08\/mobypicture.jpg","width":510,"height":600,"caption":"FITADIUM"},"image":{"@id":"https:\/\/www.fitadium.com\/conseils\/#logo"}},{"@type":"WebSite","@id":"https:\/\/www.fitadium.com\/conseils\/#website","url":"https:\/\/www.fitadium.com\/conseils\/","name":"Fitadium","description":"Toute l&#039;actualit\u00e9 de la musculation et du fitness","publisher":{"@id":"https:\/\/www.fitadium.com\/conseils\/#organization"},"potentialAction":[{"@type":"SearchAction","target":{"@type":"EntryPoint","urlTemplate":"https:\/\/www.fitadium.com\/conseils\/?s={search_term_string}"},"query-input":"required name=search_term_string"}],"inLanguage":"fr-FR"},{"@type":"ImageObject","@id":"https:\/\/www.fitadium.com\/conseils\/acides-amines\/histidine\/#primaryimage","inLanguage":"fr-FR","url":"https:\/\/www.fitadium.com\/conseils\/wp-content\/uploads\/2024\/02\/acide-amine-12.jpg","contentUrl":"https:\/\/www.fitadium.com\/conseils\/wp-content\/uploads\/2024\/02\/acide-amine-12.jpg","width":1600,"height":900,"caption":"acide amin\u00e9 histidine"},{"@type":"WebPage","@id":"https:\/\/www.fitadium.com\/conseils\/acides-amines\/histidine\/#webpage","url":"https:\/\/www.fitadium.com\/conseils\/acides-amines\/histidine\/","name":"L'acide amin\u00e9 histidine : bienfaits, danger, utilit\u00e9","isPartOf":{"@id":"https:\/\/www.fitadium.com\/conseils\/#website"},"primaryImageOfPage":{"@id":"https:\/\/www.fitadium.com\/conseils\/acides-amines\/histidine\/#primaryimage"},"datePublished":"2024-02-02T07:11:49+00:00","dateModified":"2024-06-11T14:12:19+00:00","description":"Qu'est-ce que l'acide amin\u00e9 histidine ? \u2605Quels sont les bienfaits de l'histidine pour l'organisme ? \u2605Les suppl\u00e9ments contenant de l'histidine","breadcrumb":{"@id":"https:\/\/www.fitadium.com\/conseils\/acides-amines\/histidine\/#breadcrumb"},"inLanguage":"fr-FR","potentialAction":[{"@type":"ReadAction","target":["https:\/\/www.fitadium.com\/conseils\/acides-amines\/histidine\/"]}]},{"@type":"BreadcrumbList","@id":"https:\/\/www.fitadium.com\/conseils\/acides-amines\/histidine\/#breadcrumb","itemListElement":[{"@type":"ListItem","position":1,"name":"Home","item":"https:\/\/www.fitadium.com\/conseils\/"},{"@type":"ListItem","position":2,"name":"Les acides amin\u00e9s en musculation","item":"https:\/\/www.fitadium.com\/conseils\/acides-amines\/"},{"@type":"ListItem","position":3,"name":"L&rsquo;acide amin\u00e9 histidine : bienfaits et utilit\u00e9"}]}]}},"featured_image_src":"https:\/\/www.fitadium.com\/conseils\/wp-content\/uploads\/2024\/02\/acide-amine-12-600x400.jpg","featured_image_src_square":"https:\/\/www.fitadium.com\/conseils\/wp-content\/uploads\/2024\/02\/acide-amine-12-600x600.jpg","_links":{"self":[{"href":"https:\/\/www.fitadium.com\/conseils\/wp-json\/wp\/v2\/pages\/58731","targetHints":{"allow":["GET"]}}],"collection":[{"href":"https:\/\/www.fitadium.com\/conseils\/wp-json\/wp\/v2\/pages"}],"about":[{"href":"https:\/\/www.fitadium.com\/conseils\/wp-json\/wp\/v2\/types\/page"}],"author":[{"embeddable":true,"href":"https:\/\/www.fitadium.com\/conseils\/wp-json\/wp\/v2\/users\/23"}],"replies":[{"embeddable":true,"href":"https:\/\/www.fitadium.com\/conseils\/wp-json\/wp\/v2\/comments?post=58731"}],"version-history":[{"count":5,"href":"https:\/\/www.fitadium.com\/conseils\/wp-json\/wp\/v2\/pages\/58731\/revisions"}],"predecessor-version":[{"id":59463,"href":"https:\/\/www.fitadium.com\/conseils\/wp-json\/wp\/v2\/pages\/58731\/revisions\/59463"}],"up":[{"embeddable":true,"href":"https:\/\/www.fitadium.com\/conseils\/wp-json\/wp\/v2\/pages\/58455"}],"wp:featuredmedia":[{"embeddable":true,"href":"https:\/\/www.fitadium.com\/conseils\/wp-json\/wp\/v2\/media\/58732"}],"wp:attachment":[{"href":"https:\/\/www.fitadium.com\/conseils\/wp-json\/wp\/v2\/media?parent=58731"}],"curies":[{"name":"wp","href":"https:\/\/api.w.org\/{rel}","templated":true}]}}